e
Is 18433957 a composite number?
True
Is 234274349 prime?
False
Is 410821 prime?
False
Is 23867011 prime?
False
Is 2058653 prime?
True
Is 12194339 a prime number?
True
Is 9006443 prime?
False
Is 1182559 prime?
False
Is 84127591 a composite number?
False
Is 5942009 prime?
True
Is 3766309 composite?
True
Is 15261557 a composite number?
False
Is 24424363 a prime number?
True
Is 1582913 a prime number?
False
Is 34630811 prime?
True
Is 21220429 a prime number?
True
Is 14747017 prime?
False
Is 14686647 composite?
True
Is 1878847 a prime number?
False
Is 46232621 a prime number?
False
Is 39066889 a composite number?
False
Is 3189943 composite?
False
Is 7786847 a composite number?
False
Is 52744007 prime?
True
Is 92689549 composite?
False
Is 2178041 composite?
True
Is 62092379 composite?
False
Is 128670811 a composite number?
True
Is 35971387 composite?
True
Is 360457 a prime number?
True
Is 126276406 composite?
True
Is 6749449 prime?
False
Is 884159 prime?
True
Is 7604267 prime?
False
Is 10494633 a composite number?
True
Is 532981 a prime number?
True
Is 2484581 a prime number?
False
Is 307503631 a composite number?
True
Is 13665063 composite?
True
Is 131888013 a composite number?
True
Is 1043603 composite?
True
Is 7138807 a prime number?
False
Is 18378131 a prime number?
False
Is 2424073 composite?
False
Is 15196249 prime?
False
Is 544028531 prime?
True
Is 36065917 a composite number?
True
Is 4991209 a composite number?
True
Is 3902399 a prime number?
True
Is 7731161 composite?
True
Is 60316933 a composite number?
True
Is 1639543 a prime number?
False
Is 13961837 prime?
False
Is 33990613 a prime number?
False
Is 194470097 composite?
False
Is 791291 a composite number?
False
Is 9375359 a prime number?
False
Is 47964743 a composite number?
True
Is 39209491 a prime number?
True
Is 81293111 a composite number?
False
Is 3609653 composite?
True
Is 3322507 a prime number?
True
Is 71776867 a composite number?
False
Is 1078534 composite?
True
Is 4615333 composite?
False
Is 6160423 a prime number?
True
Is 17434997 a prime number?
True
Is 5366269 a prime number?
True
Is 3628747 a prime number?
True
Is 919511 prime?
True
Is 230294321 prime?
True
Is 11687281 a prime number?
True
Is 61771267 a prime number?
True
Is 170801 composite?
False
Is 500817041 a prime number?
True
Is 6020653 a prime number?
False
Is 15045427 composite?
True
Is 553961 composite?
False
Is 517437473 prime?
False
Is 35610257 composite?
True
Is 7413551 a prime number?
True
Is 819367 a prime number?
True
Is 97870093 a composite number?
False
Is 15893011 a composite number?
True
Is 8083213 a prime number?
True
Is 6169151 composite?
True
Is 2964397 a composite number?
False
Is 73194865 a composite number?
True
Is 208308613 prime?
True
Is 7270885 a prime number?
False
Is 5325659 composite?
False
Is 1060511 a prime number?
False
Is 4341003 a prime number?
False
Is 679501 composite?
False
Is 45076127 a prime number?
True
Is 257829926 prime?
False
Is 4982533 prime?
True
Is 18705707 a composite number?
False
Is 107113931 prime?
True
Is 8622041 composite?
False
Is 234615085 a composite number?
True
Is 377420107 a prime number?
False
Is 20454803 a composite number?
False
Is 2779463 a composite number?
False
Is 5517871 a composite number?
False
Is 41987951 a prime number?
True
Is 881141 prime?
True
Is 15080921 prime?
False
Is 1742647 composite?
False
Is 887819 a composite number?
False
Is 14918699 prime?
True
Is 206740361 prime?
True
Is 2284382 a prime number?
False
Is 9256063 a composite number?
False
Is 80309 prime?
True
Is 302491433 composite?
False
Is 5025133 a prime number?
True
Is 8952523 a prime number?
False
Is 2488877 a composite number?
False
Is 29060347 a prime number?
False
Is 689257 a prime number?
True
Is 6176447 prime?
False
Is 219748999 a prime number?
True
Is 110835277 prime?
False
Is 63961 composite?
True
Is 350088789 a composite number?
True
Is 75769097 a prime number?
True
Is 25675217 composite?
False
Is 8919767 prime?
True
Is 8471839 composite?
False
Is 60405197 a composite number?
False
Is 16690897 a composite number?
False
Is 1672661 a composite number?
True
Is 8672597 a prime number?
True
Is 59278787 composite?
True
Is 12677353 a composite number?
True
Is 53671727 prime?
True
Is 283546943 composite?
False
Is 25446049 a composite number?
False
Is 264869107 composite?
False
Is 1141949 a composite number?
False
Is 959305 a prime number?
False
Is 34182895 a prime number?
False
Is 74756197 composite?
False
Is 153694087 a composite number?
False
Is 399271 a prime number?
True
Is 4797397 prime?
False
Is 8115649 a prime number?
True
Is 1201847 composite?
True
Is 80151749 a composite number?
True
Is 46135307 a prime number?
True
Is 6162881 a prime number?
True
Is 1085657 prime?
True
Is 94574941 a composite number?
False
Is 9593047 composite?
True
Is 19683623 prime?
True
Is 4336303 prime?
True
Is 6446549 a composite number?
True
Is 3518155 composite?
True
Is 2345066 prime?
False
Is 797273 a prime number?
True
Is 172228519 a composite number?
False
Is 74456399 prime?
True
Is 6925049 a prime number?
True
Is 72918785 composite?
True
Is 5520787 a composite number?
True
Is 10390459 prime?
True
Is 871827137 prime?
True
Is 8892337 a composite number?
False
Is 57379493 a composite number?
False
Is 38102041 composite?
False
Is 81490366 a composite number?
True
Is 67318313 a composite number?
False
Is 1856387 a prime number?
False
Is 10357933 prime?
True
Is 5202804311 a composite number?
False
Is 121111 a composite number?
True
Is 9585393 prime?
False
Is 6520939 prime?
True
Is 1183591 composite?
True
Is 3660053 composite?
False
Is 12599849 composite?
True
Is 316493 a prime number?
True
Is 36616559 a composite number?
True
Is 694829 a composite number?
False
Is 50502791 a prime number?
False
Is 1619642 a prime number?
False
Is 3239183 prime?
True
Is 11086519 composite?
True
Is 9417307 prime?
False
Is 672303 composite?
True
Is 17057947 a prime number?
True
Is 61761809 composite?
True
Is 5736281 prime?
True
Is 6344843 a composite number?
False
Is 4016959 a prime number?
True
Is 42813533 composite?
True
Is 3581999 a composite number?
False
Is 587283005 prime?
False
Is 8065051 a composite number?
False
Is 16877209 a prime number?
False
Is 918529 prime?
True
Is 1850389 a prime number?
False
Is 1775717 composite?
False
Is 7616615 a composite number?
True
Is 85926023 composite?
False
Is 80287349 a prime number?
True
Is 1001123 a composite number?
False
Is 15173393 a composite number?
True
Is 48482017 prime?
True
Is 165702527 a prime number?
True
Is 9849991 a composite number?
True
Is 5347889 a prime number?
True
Is 634304117 composite?
False
Is 30367963 a composite number?
True
Is 7613981 a composite number?
False
Is 396002323 composite?
True
Is 700648051 a prime number?
True
Is 18567871 a composite number?
True
Is 65744411 prime?
True
Is 188866507 prime?
False
Is 566113 prime?
False
Is 2450573 prime?
True
Is 74701877 prime?
False
Is 36454237 prime?
True
Is 1039643 composite?
True
Is 4348109 a composite number?
False
Is 97192387 prime?
True
Is 19258601 composite?
False
Is 47411917 a composite number?
True
Is 59634467 a prime number?
True
Is 18738817 a composite number?
True
Is 855287 a prime number?
False
Is 270091 a prime number?
False
Is 124243165 prime?
False
Is 16674781 a composite number?
False
Is 6855967 a prime number?
True
Is 589602457 a prime number?
True
Is 9933923 a composite number?
False
Is 193208453 a prime number?
True
Is 98303749 prime?
True
Is 90148133 a composite number?
False
Is 116298029 a prime number?
True
Is 54429797 composite?
False
Is 189859261 prime?
True
Is 47759861 a prime number?
True
Is 52861651 prime?
False
Is 20272657 prime?
True
Is 15941951 a composite number?
False
Is 164587229 prime?
True
Is 11726669 composite?
True
Is 18186383 a composite number?
False
Is 938909 a prime number?
False
Is 31945559 a prime number?
False
Is 5507617 prime?
True
Is 26900729 prime?
False
Is 15512029 composite?
True
Is 124970303 prime?
True
Is 1555937 a prime number?
False
Is 177679571 prime?
True
Is 46581014 prime?
False
Is 84523111 composite?
False
Is 360967 a composite number?
True
Is 606982421 a composite number?
False
Is 69927371 prime?
True
Is 17705527 a composite number?
True
Is 21453